e the third derivative of 1/60*h**5 - 1/6*h**4 + 5/6*h**3 - h**2 + 0 + 0*h. Is s(8) a prime number?
True
Let g = 923 + -405. Suppose -2*u - 3 = -1, 3*u = -r + g. Is r composite?
False
Let u be (3/(-6)*2)/(-1). Is ((-3)/2 + 3)/(u/382) composite?
True
Suppose 459 = -l + 1720. Is l prime?
False
Let u = -1669 - -1154. Let b = 1032 + u. Is b a composite number?
True
Let x(j) = -j**3 - 36*j**2 - 48*j - 151. Is x(-38) composite?
False
Let o = -1404 - -3041. Suppose 0 = 35*n - 34*n - o. Is n a prime number?
True
Let u(b) be the first derivative of 3*b**4/4 + 2*b**2 + b - 72. Suppose 0 = q + 4*t + 4, -t + 3*t + 24 = 5*q. Is u(q) composite?
True
Suppose -p - 11 = x + p, -2*p + 14 = -4*x. Let c be (x + 4)/(2/(-4)). Suppose 1442 = -0*o + c*o. Is o a composite number?
True
Suppose 5*b + 5375 + 1615 = 5*u, -4*u + 5589 = -b. Let f = -148 + u. Is f a prime number?
True
Suppose -58*o + 5*l = -62*o + 15514, 19415 = 5*o - 5*l. Is o prime?
True
Suppose -7*q + 15856 = -10639. Is q prime?
False
Let i(w) = -w**3 - 2*w**2 - 3*w - 3. Let r = -15 + 13. Let a be i(r). Suppose a*p - 5*f - 177 = 0, -p - p + 3*f = -118. Is p prime?
True
Is (-22)/143 - (-88623)/13 a prime number?
False
Let y(i) = -3*i**2 + 11*i - 6. Let h(b) = -4*b**2 + 11*b - 6. Let c(j) = -2*h(j) + 3*y(j). Let m be c(10). Is (m + 3)/(1/5) a composite number?
True
Let v(f) = 1635*f + 17. Let m = 159 + -157. Is v(m) composite?
True
Let j = 20 + -17. Suppose j*k - k - 106 = 0. Is k a prime number?
True
Suppose 3*o - 14 + 35 = 3*i, 4*o = i - 22. Suppose 0 = -i*f + 6*f + 32. Is ((-278)/f)/(8/32) a composite number?
False
Let i be (-21)/(-6) + (-1)/2. Suppose 0 = -f + i*f + 2. Let v(y) = 70*y**2 + y. Is v(f) a prime number?
False
Suppose b + 3*b = 2220. Suppose s = 5*k + 870, -s - 4*k = s - 1712. Let q = s - b. Is q a prime number?
False
Let p(v) = -4 + 7*v**2 + 2 + 0*v**3 + 0*v**3 - v**3. Let u be p(7). Is ((-4)/(-8))/(u/(-92)) composite?
False
Let c(u) = -2*u**3 - 2*u**2 + 3*u - 2. Let p be c(1). Let r be 21/5 + p/15. Is 2/r - (-1781)/26 a prime number?
False
Let m = 1702 + -2935. Let d = -676 - m. Is d a composite number?
False
Suppose -117 = 23*u - 2. Let z(d) = 2 + 1 - 58*d + 6. Is z(u) a prime number?
False
Let l(k) = 30*k - 54. Let d(h) = -6*h + 11. Let o(y) = -24*d(y) - 5*l(y). Let a be o(2). Let m(s) = 14*s**2 + 5. Is m(a) prime?
True
Is ((-4)/(-6))/(3 - 122795/40935) prime?
True
Let i = 72 - -139. Is i a prime number?
True
Let v(t) = -3 - 5*t + 0 - 2*t. Let h be v(-1). Suppose -2*b + 90 = y, -h*y + 2*b - 78 = -398. Is y a composite number?
True
Let t = -38 - -56. Let f be t/12*8/6. Suppose 3*o = -2 - 1, o = -f*q + 421. Is q prime?
True
Let i(k) = 2*k - 16. Let v be i(13). Suppose -f + v = -27. Let m = 58 - f. Is m prime?
False
Let g = -399 - -2381. Is g a composite number?
True
Is 10/(-2)*(-844422)/690 a prime number?
False
Let x be 3/((2/(-8))/(2/(-6))). Suppose 333 = -x*t + 2281. Is t prime?
True
Let g = -167 - -277. Let w = 177 - g. Is w composite?
False
Is 1 + 20328/(7 + -1) prime?
True
Suppose 0 = -v - 3*v - 4*b + 8, -v + 2 = -3*b. Suppose w = -v*w + 201. Is w prime?
True
Let h be (2/(-4))/(-4 + 10326/2580). Let r = -36 - h. Is r prime?
True
Let a be (2 + 21)/((-5)/(-320)). Let y = a + -559. Is y a prime number?
False
Is (5009/(-3))/(39/(-9) + 4) prime?
True
Suppose -8*c = -0*c - 48. Suppose c*j + 2*j = 11816. Is j composite?
True
Suppose g = x - 2436 - 1177, 3*x = 5*g + 10839. Is x a composite number?
False
Suppose 3*f = 4*b + 77, 4*f + 20 = -b + 148. Let j = f - 33. Is j/3 - (-2681)/21 a prime number?
True
Suppose 0 = h + 2*h - 5*v - 17439, 23252 = 4*h - 5*v. Is h composite?
False
Is (-1377)/(-2) + 1 + 108/72 composite?
False
Suppose 0 = 5*v + 3 + 7. Let c be (-2)/(-4)*(-12)/v. Is 2 - (c - 584/4) a prime number?
False
Suppose 31*q + 255 = 36*q. Is q a composite number?
True
Suppose 3*v - 1 = 14. Suppose -2*z = -6*z + 4. Suppose v*o - 116 + z = 0. Is o prime?
True
Let t be (-6 + 0)/((-2)/222). Suppose -g - 4 = 0, -3*c + t - 41 = 2*g. Is c composite?
False
Let n(h) = h - 4. Let r be n(4). Let j(z) = z**3 + z**2 - 2*z + 1027. Is j(r) prime?
False
Let v(a) be the first derivative of -5*a**2 + 7 + 20/3*a**3 - 8*a + 1/4*a**4. Is v(-9) prime?
False
Let s(d) = d - 2. Let y be s(8). Let w be y - (4 + (2 - 4)). Suppose -220 = -0*i - w*i. Is i a composite number?
True
Suppose -8*q + 10 = -3*q. Let x = q + -30. Let r = x + 39. Is r prime?
True
Let n(p) = 16*p**3 + 2*p**2 + 3*p + 2. Let w be n(-2). Let b = 217 + w. Let r = b - -34. Is r a prime number?
True
Let g(w) = -11 - 10*w - 30*w - 3*w. Let d(b) = 5*b. Let z be d(-2). Is g(z) a composite number?
False
Suppose 2292 = 11*h - 7*h. Suppose 3*a = 3*r + h, 0*r + 3*r - 955 = -5*a. Is a a prime number?
True
Let p(t) = t**2 - 4*t - 3. Let l be p(6). Let n = l + 4. Suppose 12*u = n*u - 82. Is u a prime number?
False
Suppose 0 = -6*u - 0*u + 144. Let s be (-11)/(-3) + (-16)/u. Suppose -2*h - s*k + 2*k = -293, -k = -3. Is h a prime number?
False
Let j(k) = k**3 + 7*k**2 + 2*k + 743. Is j(0) composite?
False
Let z be 30/8 + 8/32. Suppose 0 = -2*n - 2*l + 28, 3*n - 4*n + 24 = -z*l. Let m(j) = 8*j - 9. Is m(n) a prime number?
False
Let g(l) = 2*l**3 - 7*l**2 - 5*l + 9. Let q be g(8). Let x = q - 368. Is x a composite number?
True
Let i(a) = 2*a**2 + 2*a - 11. Let y(n) be the third derivative of n**5/12 + 5*n**4/24 - 23*n**3/6 - 5*n**2. Let p(c) = -9*i(c) + 4*y(c). Is p(7) composite?
True
Suppose 4*z = -4*w + 268, -3*z - 4*w - w + 193 = 0. Suppose 494 = 4*f - 5*k, 0 = -2*f + 5*k + 181 + z. Is f composite?
True
Let t(n) = n**3 - 2*n - 6. Let j(k) = -k + 1. Let s be j(-1). Suppose -5*i + 9 = -s*i - 3*f, 0 = -2*f. Is t(i) composite?
True
Let m(d) = 6*d**2 - d + 1. Let g be m(1). Suppose -2*l - g = -4*l. Suppose 0 = -3*u - j + 263, -3*j = l*u - 6*j - 279. Is u a prime number?
True
Suppose -2*y = 3*y. Suppose -m = -4*t + 689, y = 2*t + 2*t - 2*m - 690. Suppose 4*u - 177 = 5*v, 4*u - 4*v = -0*u + t. Is u a prime number?
False
Suppose -2*r - r = 0. Suppose -3*m - 4*g + 259 = r, 0*m - 5*m = -4*g - 453. Is m a prime number?
True
Is -36 - -2530 - 1/2*-2 a prime number?
False
Suppose 4*a + 88 = 2*l, 0 = -5*a + 2*l - 112. Let v = a + 20. Is (254/v)/(6/(-12)) a prime number?
True
Let w be (2 + (-11)/5)*-5. Let x be w + -1 + -1 - -7. Is 4256/x + 4/(-12) a composite number?
False
Suppose -50*p = -92*p + 53634. Is p a composite number?
False
Let z = 2161 + -422. Is z a prime number?
False
Let z(y) = 35*y + 11. Let p be z(-16). Let q = p + 782. Is q prime?
True
Let a(k) = -2*k**3 - 5*k**2 + k - 7. Let w be -3 - (1 + -3 + 4). Is a(w) a composite number?
False
Is 36/450 - (-488646)/50 prime?
False
Let d(f) be the third derivative of -f**6/120 - 3*f**5/20 + 13*f**4/24 + 2*f**3 + 21*f**2. Is d(-11) a composite number?
True
Is 94904/(-6)*(-60)/80 a composite number?
False
Let t(i) = i**2 + 8*i + 7. Let m be t(-7). Suppose -p + 4*p - 3*o = -60, m = 3*o. Is (508/p)/((-3)/15) composite?
False
Let z(f) = f - 2. Let s be z(13). Suppose 3*h = s + 7. Is (9 - 372)*(-2)/h a composite number?
True
Let i(g) = -4*g**2 - g + 677. Let p(s) = -s**3. Let k be p(0). Is i(k) composite?
False
Suppose 0 = -b - 148 - 969. Let q = b - -1589. Suppose -2*n + 1049 = 3*v, -1493 = -3*v + 5*n - q. Is v composite?
False
Suppose -4*i = -5*n + 1577, -n + 2*i = -3*i - 307. Suppose -3*f = -517 - n. Is f composite?
True
Let h(w) = 2067*w**2 - 4*w + 15. Is h(4) a prime number?
True
Let k be ((-2)/6)/(1/3). Is 4854 - k/2*2 composite?
True
Suppose 58*k = 13*k + 1077885. Is k a composite number?
True
Let y(z) = 70*z**2 + 13*z - 11. Let b(c) = -35*c**2 - 6*c + 5. Let v(d) = -5*b(d) - 2*y(d). Is v(-4) composite?
False
Suppose -4*d = u - 17519, 23607 = 3*u - 4*d - 29030. Is u a composite number?
False
Let m = 11016 + -6607. Is m a composite number?
False
Let w(n) = -n**2 - 11*n - 14. Let s be w(-9). Is (16/s - 8) + 689 prime?
False
Is ((-66)/132)/((-2)/38604) prime?
False
Let y(z) = 6*z**2 - 28*z + 133. Is y(20) composite?
False
Suppose 9 = -3*b - 3*h, 4*h - 1 + 23 = b. Suppose 0 = u - 2*w - 2337, b*u = -u + 3*w + 7005. Is u composite?
False
Let b = 7 - 4. Is -2 + 7 - (1 - b) a composite number?
False
Let f = -1200 + 3654. Let w = f + -293. Is w composite?
False
Let o(u) = 79*u + 3. Suppose 3*h = a + 2, h - 3 = 2*a + 1. Let